[INFO] fetching crate xmrsplayer 0.2.0...
[INFO] checking xmrsplayer-0.2.0 against master#e6e4f7ed1589e03bc2f6c5931c1a72e7947e8682 for beta-170-4
[INFO] extracting crate xmrsplayer 0.2.0 into /workspace/builds/worker-0-tc2/source
[INFO] validating manifest of crates.io crate xmrsplayer 0.2.0 on toolchain e6e4f7ed1589e03bc2f6c5931c1a72e7947e8682
[INFO] running `Command { std: CARGO_HOME="/workspace/cargo-home" RUSTUP_HOME="/workspace/rustup-home" "/workspace/cargo-home/bin/cargo" "+e6e4f7ed1589e03bc2f6c5931c1a72e7947e8682" "metadata" "--manifest-path" "Cargo.toml" "--no-deps", kill_on_drop: false }`
[INFO] started tweaking crates.io crate xmrsplayer 0.2.0
[INFO] finished tweaking crates.io crate xmrsplayer 0.2.0
[INFO] tweaked toml for crates.io crate xmrsplayer 0.2.0 written to /workspace/builds/worker-0-tc2/source/Cargo.toml
[INFO] crate crates.io crate xmrsplayer 0.2.0 already has a lockfile, it will not be regenerated
[INFO] running `Command { std: CARGO_HOME="/workspace/cargo-home" RUSTUP_HOME="/workspace/rustup-home" "/workspace/cargo-home/bin/cargo" "+e6e4f7ed1589e03bc2f6c5931c1a72e7947e8682" "fetch" "--manifest-path" "Cargo.toml", kill_on_drop: false }`
[INFO] running `Command { std: "docker" "create" "-v" "/var/lib/crater-agent-workspace/builds/worker-0-tc2/target:/opt/rustwide/target:rw,Z" "-v" "/var/lib/crater-agent-workspace/builds/worker-0-tc2/source:/opt/rustwide/workdir:ro,Z" "-v" "/var/lib/crater-agent-workspace/cargo-home:/opt/rustwide/cargo-home:ro,Z" "-v" "/var/lib/crater-agent-workspace/rustup-home:/opt/rustwide/rustup-home:ro,Z" "-e" "SOURCE_DIR=/opt/rustwide/workdir" "-e" "CARGO_TARGET_DIR=/opt/rustwide/target" "-e" "CARGO_HOME=/opt/rustwide/cargo-home" "-e" "RUSTUP_HOME=/opt/rustwide/rustup-home" "-w" "/opt/rustwide/workdir" "-m" "1610612736" "--user" "0:0" "--network" "none" "ghcr.io/rust-lang/crates-build-env/linux@sha256:19e73879b68f455e41552ea35293514db52ea292d993f571636dbffedb77a1ee" "/opt/rustwide/cargo-home/bin/cargo" "+e6e4f7ed1589e03bc2f6c5931c1a72e7947e8682" "metadata" "--no-deps" "--format-version=1", kill_on_drop: false }`
[INFO] [stdout] 2dff01e8642901888aee8dd4ce706e2195e8cff57fcada8ce8fdc61161290c0d
[INFO] running `Command { std: "docker" "start" "-a" "2dff01e8642901888aee8dd4ce706e2195e8cff57fcada8ce8fdc61161290c0d", kill_on_drop: false }`
[INFO] running `Command { std: "docker" "inspect" "2dff01e8642901888aee8dd4ce706e2195e8cff57fcada8ce8fdc61161290c0d", kill_on_drop: false }`
[INFO] running `Command { std: "docker" "rm" "-f" "2dff01e8642901888aee8dd4ce706e2195e8cff57fcada8ce8fdc61161290c0d", kill_on_drop: false }`
[INFO] [stdout] 2dff01e8642901888aee8dd4ce706e2195e8cff57fcada8ce8fdc61161290c0d
[INFO] running `Command { std: "docker" "create" "-v" "/var/lib/crater-agent-workspace/builds/worker-0-tc2/target:/opt/rustwide/target:rw,Z" "-v" "/var/lib/crater-agent-workspace/builds/worker-0-tc2/source:/opt/rustwide/workdir:ro,Z" "-v" "/var/lib/crater-agent-workspace/cargo-home:/opt/rustwide/cargo-home:ro,Z" "-v" "/var/lib/crater-agent-workspace/rustup-home:/opt/rustwide/rustup-home:ro,Z" "-e" "SOURCE_DIR=/opt/rustwide/workdir" "-e" "CARGO_TARGET_DIR=/opt/rustwide/target" "-e" "CARGO_INCREMENTAL=0" "-e" "RUST_BACKTRACE=full" "-e" "RUSTFLAGS=--cap-lints=forbid" "-e" "RUSTDOCFLAGS=--cap-lints=forbid" "-e" "CARGO_HOME=/opt/rustwide/cargo-home" "-e" "RUSTUP_HOME=/opt/rustwide/rustup-home" "-w" "/opt/rustwide/workdir" "-m" "1610612736" "--user" "0:0" "--network" "none" "ghcr.io/rust-lang/crates-build-env/linux@sha256:19e73879b68f455e41552ea35293514db52ea292d993f571636dbffedb77a1ee" "/opt/rustwide/cargo-home/bin/cargo" "+e6e4f7ed1589e03bc2f6c5931c1a72e7947e8682" "check" "--frozen" "--all" "--all-targets" "--message-format=json", kill_on_drop: false }`
[INFO] [stdout] ac692c7c1806e40d02f83f5d3e6d5ce64cd1eab0fde91a6eb9e89156caf24297
[INFO] running `Command { std: "docker" "start" "-a" "ac692c7c1806e40d02f83f5d3e6d5ce64cd1eab0fde91a6eb9e89156caf24297", kill_on_drop: false }`
[INFO] [stderr]    Compiling proc-macro2 v1.0.59
[INFO] [stderr]    Compiling unicode-ident v1.0.9
[INFO] [stderr]    Compiling quote v1.0.28
[INFO] [stderr]    Compiling autocfg v1.1.0
[INFO] [stderr]    Compiling libc v0.2.144
[INFO] [stderr]     Checking cfg-if v1.0.0
[INFO] [stderr]    Compiling hashbrown v0.12.3
[INFO] [stderr]    Compiling winnow v0.4.6
[INFO] [stderr]    Compiling serde v1.0.163
[INFO] [stderr]    Compiling toml_datetime v0.6.2
[INFO] [stderr]    Compiling once_cell v1.17.2
[INFO] [stderr]    Compiling crc32fast v1.3.2
[INFO] [stderr]     Checking rle-decode-fast v1.0.3
[INFO] [stderr]     Checking ppv-lite86 v0.2.17
[INFO] [stderr]     Checking adler32 v1.2.0
[INFO] [stderr]     Checking bitflags v2.3.1
[INFO] [stderr]     Checking libflate_lz77 v1.2.0
[INFO] [stderr]    Compiling indexmap v1.9.3
[INFO] [stderr]     Checking libflate v1.4.0
[INFO] [stderr]    Compiling syn v2.0.18
[INFO] [stderr]     Checking getrandom v0.2.9
[INFO] [stderr]     Checking rand_core v0.6.4
[INFO] [stderr]     Checking rand_chacha v0.3.1
[INFO] [stderr]     Checking rand v0.8.5
[INFO] [stderr]    Compiling toml_edit v0.19.10
[INFO] [stderr]    Compiling serde_derive v1.0.163
[INFO] [stderr]    Compiling proc-macro-crate v1.3.1
[INFO] [stderr]    Compiling num_enum_derive v0.6.1
[INFO] [stderr]     Checking num_enum v0.6.1
[INFO] [stderr]     Checking serde-big-array v0.5.1
[INFO] [stderr]     Checking bincode v1.3.3
[INFO] [stderr]     Checking xmrs v0.3.3
[INFO] [stderr]     Checking xmrsplayer v0.2.0 (/opt/rustwide/workdir)
[INFO] [stdout] warning: unnecessary parentheses around index expression
[INFO] [stdout]    --> src/xmrsplayer.rs:403:28
[INFO] [stdout]     |
[INFO] [stdout] 403 |                     output[(2 * i)] = left;
[INFO] [stdout]     |                            ^     ^
[INFO] [stdout]     |
[INFO] [stdout]     = note: `#[warn(unused_parens)]` on by default
[INFO] [stdout] help: remove these parentheses
[INFO] [stdout]     |
[INFO] [stdout] 403 -                     output[(2 * i)] = left;
[INFO] [stdout] 403 +                     output[2 * i] = left;
[INFO] [stdout]     |
[INFO] [stdout] 
[INFO] [stdout] 
[INFO] [stdout] warning: unnecessary parentheses around index expression
[INFO] [stdout]    --> src/xmrsplayer.rs:404:28
[INFO] [stdout]     |
[INFO] [stdout] 404 |                     output[(2 * i + 1)] = right;
[INFO] [stdout]     |                            ^         ^
[INFO] [stdout]     |
[INFO] [stdout] help: remove these parentheses
[INFO] [stdout]     |
[INFO] [stdout] 404 -                     output[(2 * i + 1)] = right;
[INFO] [stdout] 404 +                     output[2 * i + 1] = right;
[INFO] [stdout]     |
[INFO] [stdout] 
[INFO] [stdout] 
[INFO] [stdout] warning: unnecessary parentheses around index expression
[INFO] [stdout]    --> src/xmrsplayer.rs:403:28
[INFO] [stdout]     |
[INFO] [stdout] 403 |                     output[(2 * i)] = left;
[INFO] [stdout]     |                            ^     ^
[INFO] [stdout]     |
[INFO] [stdout]     = note: `#[warn(unused_parens)]` on by default
[INFO] [stdout] help: remove these parentheses
[INFO] [stdout]     |
[INFO] [stdout] 403 -                     output[(2 * i)] = left;
[INFO] [stdout] 403 +                     output[2 * i] = left;
[INFO] [stdout]     |
[INFO] [stdout] 
[INFO] [stdout] 
[INFO] [stdout] warning: unnecessary parentheses around index expression
[INFO] [stdout]    --> src/xmrsplayer.rs:404:28
[INFO] [stdout]     |
[INFO] [stdout] 404 |                     output[(2 * i + 1)] = right;
[INFO] [stdout]     |                            ^         ^
[INFO] [stdout]     |
[INFO] [stdout] help: remove these parentheses
[INFO] [stdout]     |
[INFO] [stdout] 404 -                     output[(2 * i + 1)] = right;
[INFO] [stdout] 404 +                     output[2 * i + 1] = right;
[INFO] [stdout]     |
[INFO] [stdout] 
[INFO] [stdout] 
[INFO] [stdout] warning: 2 warnings emitted
[INFO] [stdout] 
[INFO] [stdout] 
[INFO] [stdout] warning: 2 warnings emitted
[INFO] [stdout] 
[INFO] [stdout] 
[INFO] [stdout] error[E0432]: unresolved import `rodio`
[INFO] [stdout]  --> examples/bufferedsource.rs:2:5
[INFO] [stdout]   |
[INFO] [stdout] 2 | use rodio::Source;
[INFO] [stdout]   |     ^^^^^ use of undeclared crate or module `rodio`
[INFO] [stdout] 
[INFO] [stdout] 
[INFO] [stdout] error[E0432]: unresolved import `rodio`
[INFO] [stdout]  --> examples/rodiosource.rs:1:5
[INFO] [stdout]   |
[INFO] [stdout] 1 | use rodio::Source;
[INFO] [stdout]   |     ^^^^^ use of undeclared crate or module `rodio`
[INFO] [stdout] 
[INFO] [stdout] 
[INFO] [stdout] error[E0432]: unresolved import `clap`
[INFO] [stdout]  --> examples/rodio_player.rs:1:5
[INFO] [stdout]   |
[INFO] [stdout] 1 | use clap::Parser;
[INFO] [stdout]   |     ^^^^ use of undeclared crate or module `clap`
[INFO] [stdout] 
[INFO] [stdout] 
[INFO] [stdout] error[E0432]: unresolved import `clap`
[INFO] [stdout]  --> examples/cpal_player.rs:1:5
[INFO] [stdout]   |
[INFO] [stdout] 1 | use clap::Parser;
[INFO] [stdout]   |     ^^^^ use of undeclared crate or module `clap`
[INFO] [stdout] 
[INFO] [stdout] 
[INFO] [stdout] error[E0432]: unresolved import `console`
[INFO] [stdout]  --> examples/rodio_player.rs:2:5
[INFO] [stdout]   |
[INFO] [stdout] 2 | use console::{Key, Term};
[INFO] [stdout]   |     ^^^^^^^ use of undeclared crate or module `console`
[INFO] [stdout] 
[INFO] [stdout] 
[INFO] [stdout] error[E0432]: unresolved import `rodio`
[INFO] [stdout]  --> examples/rodio_player.rs:3:5
[INFO] [stdout]   |
[INFO] [stdout] 3 | use rodio::Sink;
[INFO] [stdout]   |     ^^^^^ use of undeclared crate or module `rodio`
[INFO] [stdout] 
[INFO] [stdout] 
[INFO] [stdout] error[E0433]: failed to resolve: use of undeclared crate or module `cpal`
[INFO] [stdout]  --> examples/cpal_player.rs:3:5
[INFO] [stdout]   |
[INFO] [stdout] 3 | use cpal::traits::{DeviceTrait, HostTrait, StreamTrait};
[INFO] [stdout]   |     ^^^^ use of undeclared crate or module `cpal`
[INFO] [stdout] 
[INFO] [stdout] 
[INFO] [stdout] error[E0432]: unresolved import `rodio`
[INFO] [stdout]  --> examples/bufferedsource.rs:2:5
[INFO] [stdout]   |
[INFO] [stdout] 2 | use rodio::Source;
[INFO] [stdout]   |     ^^^^^ use of undeclared crate or module `rodio`
[INFO] [stdout] 
[INFO] [stdout] 
[INFO] [stdout] error: cannot determine resolution for the derive macro `Parser`
[INFO] [stdout]   --> examples/rodio_player.rs:15:10
[INFO] [stdout]    |
[INFO] [stdout] 15 | #[derive(Parser)]
[INFO] [stdout]    |          ^^^^^^
[INFO] [stdout]    |
[INFO] [stdout]    = note: import resolution is stuck, try simplifying macro imports
[INFO] [stdout] 
[INFO] [stdout] 
[INFO] [stdout] error[E0432]: unresolved import `console`
[INFO] [stdout]  --> examples/cpal_player.rs:2:5
[INFO] [stdout]   |
[INFO] [stdout] 2 | use console::{Key, Term};
[INFO] [stdout]   |     ^^^^^^^ use of undeclared crate or module `console`
[INFO] [stdout] 
[INFO] [stdout] 
[INFO] [stdout] error: cannot determine resolution for the derive macro `Parser`
[INFO] [stdout]   --> examples/cpal_player.rs:13:10
[INFO] [stdout]    |
[INFO] [stdout] 13 | #[derive(Parser)]
[INFO] [stdout]    |          ^^^^^^
[INFO] [stdout]    |
[INFO] [stdout]    = note: import resolution is stuck, try simplifying macro imports
[INFO] [stdout] 
[INFO] [stdout] 
[INFO] [stdout] error[E0601]: `main` function not found in crate `bufferedsource`
[INFO] [stdout]   --> examples/bufferedsource.rs:59:2
[INFO] [stdout]    |
[INFO] [stdout] 59 | }
[INFO] [stdout]    |  ^ consider adding a `main` function to `examples/bufferedsource.rs`
[INFO] [stdout] 
[INFO] [stdout] 
[INFO] [stdout] error[E0601]: `main` function not found in crate `rodiosource`
[INFO] [stdout]   --> examples/rodiosource.rs:17:2
[INFO] [stdout]    |
[INFO] [stdout] 17 | }
[INFO] [stdout]    |  ^ consider adding a `main` function to `examples/rodiosource.rs`
[INFO] [stdout] 
[INFO] [stdout] 
[INFO] [stdout] error: aborting due to 2 previous errors
[INFO] [stdout] 
[INFO] [stdout] 
[INFO] [stdout] error: aborting due to 2 previous errors
[INFO] [stdout] 
[INFO] [stdout] 
[INFO] [stdout] Some errors have detailed explanations: E0432, E0601.
[INFO] [stdout] 
[INFO] [stdout] Some errors have detailed explanations: E0432, E0601.
[INFO] [stdout] 
[INFO] [stdout] For more information about an error, try `rustc --explain E0432`.
[INFO] [stdout] 
[INFO] [stdout] For more information about an error, try `rustc --explain E0432`.
[INFO] [stdout] 
[INFO] [stdout] error: cannot find attribute `arg` in this scope
[INFO] [stdout]   --> examples/rodio_player.rs:18:7
[INFO] [stdout]    |
[INFO] [stdout] 18 |     #[arg(
[INFO] [stdout]    |       ^^^
[INFO] [stdout] 
[INFO] [stdout] 
[INFO] [stdout] error: cannot find attribute `arg` in this scope
[INFO] [stdout]   --> examples/cpal_player.rs:16:7
[INFO] [stdout]    |
[INFO] [stdout] 16 |     #[arg(
[INFO] [stdout]    |       ^^^
[INFO] [stdout] 
[INFO] [stdout] 
[INFO] [stdout] error: cannot find attribute `arg` in this scope
[INFO] [stdout]   --> examples/rodio_player.rs:27:7
[INFO] [stdout]    |
[INFO] [stdout] 27 |     #[arg(short = 'a', long, default_value = "0.25")]
[INFO] [stdout]    |       ^^^
[INFO] [stdout] 
[INFO] [stdout] 
[INFO] [stdout] error: cannot find attribute `arg` in this scope
[INFO] [stdout]   --> examples/rodio_player.rs:31:7
[INFO] [stdout]    |
[INFO] [stdout] 31 |     #[arg(short = 'p', long, default_value = "0")]
[INFO] [stdout]    |       ^^^
[INFO] [stdout] 
[INFO] [stdout] 
[INFO] [stdout] error: cannot find attribute `arg` in this scope
[INFO] [stdout]   --> examples/rodio_player.rs:35:7
[INFO] [stdout]    |
[INFO] [stdout] 35 |     #[arg(short = 'l', long, default_value = "0")]
[INFO] [stdout]    |       ^^^
[INFO] [stdout] 
[INFO] [stdout] 
[INFO] [stdout] error: cannot find attribute `arg` in this scope
[INFO] [stdout]   --> examples/cpal_player.rs:25:7
[INFO] [stdout]    |
[INFO] [stdout] 25 |     #[arg(short = 'a', long, default_value = "0.25")]
[INFO] [stdout]    |       ^^^
[INFO] [stdout] 
[INFO] [stdout] 
[INFO] [stdout] error: cannot find attribute `arg` in this scope
[INFO] [stdout]   --> examples/rodio_player.rs:39:7
[INFO] [stdout]    |
[INFO] [stdout] 39 |     #[arg(short = 'd', long, default_value = "false")]
[INFO] [stdout]    |       ^^^
[INFO] [stdout] 
[INFO] [stdout] 
[INFO] [stderr] error: could not compile `xmrsplayer` (example "bufferedsource") due to 3 previous errors
[INFO] [stderr] warning: build failed, waiting for other jobs to finish...
[INFO] [stderr] error: could not compile `xmrsplayer` (example "rodiosource") due to 3 previous errors
[INFO] [stdout] error[E0433]: failed to resolve: use of undeclared crate or module `rodio`
[INFO] [stdout]   --> examples/rodio_player.rs:82:36
[INFO] [stdout]    |
[INFO] [stdout] 82 |     let (_stream, stream_handle) = rodio::OutputStream::try_default().unwrap();
[INFO] [stdout]    |                                    ^^^^^ use of undeclared crate or module `rodio`
[INFO] [stdout] 
[INFO] [stdout] 
[INFO] [stdout] error: cannot find attribute `arg` in this scope
[INFO] [stdout]   --> examples/cpal_player.rs:29:7
[INFO] [stdout]    |
[INFO] [stdout] 29 |     #[arg(short = 'p', long, default_value = "0")]
[INFO] [stdout]    |       ^^^
[INFO] [stdout] 
[INFO] [stdout] 
[INFO] [stdout] error[E0433]: failed to resolve: use of undeclared crate or module `rodio`
[INFO] [stdout]   --> examples/rodio_player.rs:83:22
[INFO] [stdout]    |
[INFO] [stdout] 83 |     let sink: Sink = rodio::Sink::try_new(&stream_handle).unwrap();
[INFO] [stdout]    |                      ^^^^^ use of undeclared crate or module `rodio`
[INFO] [stdout]    |
[INFO] [stdout] help: consider importing this struct
[INFO] [stdout]    |
[INFO] [stdout] 1  + use std::io::Sink;
[INFO] [stdout]    |
[INFO] [stdout] help: if you import `Sink`, refer to it directly
[INFO] [stdout]    |
[INFO] [stdout] 83 -     let sink: Sink = rodio::Sink::try_new(&stream_handle).unwrap();
[INFO] [stdout] 83 +     let sink: Sink = Sink::try_new(&stream_handle).unwrap();
[INFO] [stdout]    |
[INFO] [stdout] 
[INFO] [stdout] 
[INFO] [stdout] error: cannot find attribute `arg` in this scope
[INFO] [stdout]   --> examples/cpal_player.rs:33:7
[INFO] [stdout]    |
[INFO] [stdout] 33 |     #[arg(short = 'l', long, default_value = "0")]
[INFO] [stdout]    |       ^^^
[INFO] [stdout] 
[INFO] [stdout] 
[INFO] [stdout] error: cannot find attribute `arg` in this scope
[INFO] [stdout]   --> examples/cpal_player.rs:37:7
[INFO] [stdout]    |
[INFO] [stdout] 37 |     #[arg(short = 'd', long, default_value = "false")]
[INFO] [stdout]    |       ^^^
[INFO] [stdout] 
[INFO] [stdout] 
[INFO] [stdout] error: aborting due to 12 previous errors
[INFO] [stdout] 
[INFO] [stdout] 
[INFO] [stdout] Some errors have detailed explanations: E0432, E0433.
[INFO] [stdout] 
[INFO] [stdout] For more information about an error, try `rustc --explain E0432`.
[INFO] [stdout] 
[INFO] [stderr] error: could not compile `xmrsplayer` (example "rodio_player") due to 13 previous errors
[INFO] [stdout] error[E0599]: no function or associated item named `parse` found for struct `Cli` in the current scope
[INFO] [stdout]   --> examples/cpal_player.rs:42:20
[INFO] [stdout]    |
[INFO] [stdout] 14 | struct Cli {
[INFO] [stdout]    | ---------- function or associated item `parse` not found for this struct
[INFO] [stdout] ...
[INFO] [stdout] 42 |     let cli = Cli::parse();
[INFO] [stdout]    |                    ^^^^^ function or associated item not found in `Cli`
[INFO] [stdout] 
[INFO] [stdout] 
[INFO] [stdout] error[E0433]: failed to resolve: use of undeclared crate or module `cpal`
[INFO] [stdout]    --> examples/cpal_player.rs:128:16
[INFO] [stdout]     |
[INFO] [stdout] 128 |     let host = cpal::default_host();
[INFO] [stdout]     |                ^^^^ use of undeclared crate or module `cpal`
[INFO] [stdout] 
[INFO] [stdout] 
[INFO] [stdout] error[E0433]: failed to resolve: use of undeclared crate or module `cpal`
[INFO] [stdout]    --> examples/cpal_player.rs:127:69
[INFO] [stdout]     |
[INFO] [stdout] 127 | fn start_audio_player(player: Arc<Mutex<XmrsPlayer>>) -> Result<(), cpal::StreamError> {
[INFO] [stdout]     |                                                                     ^^^^ use of undeclared crate or module `cpal`
[INFO] [stdout] 
[INFO] [stdout] 
[INFO] [stdout] error[E0433]: failed to resolve: use of undeclared crate or module `cpal`
[INFO] [stdout]    --> examples/cpal_player.rs:150:21
[INFO] [stdout]     |
[INFO] [stdout] 150 |                 |_: cpal::StreamError| {},
[INFO] [stdout]     |                     ^^^^ use of undeclared crate or module `cpal`
[INFO] [stdout] 
[INFO] [stdout] 
[INFO] [stdout] error[E0433]: failed to resolve: use of undeclared crate or module `cpal`
[INFO] [stdout]    --> examples/cpal_player.rs:144:45
[INFO] [stdout]     |
[INFO] [stdout] 144 |                 move |data: &mut [f32], _: &cpal::OutputCallbackInfo| {
[INFO] [stdout]     |                                             ^^^^ use of undeclared crate or module `cpal`
[INFO] [stdout] 
[INFO] [stdout] 
[INFO] [stdout] error: aborting due to 14 previous errors
[INFO] [stdout] 
[INFO] [stdout] 
[INFO] [stdout] Some errors have detailed explanations: E0432, E0433, E0599.
[INFO] [stdout] 
[INFO] [stdout] For more information about an error, try `rustc --explain E0432`.
[INFO] [stdout] 
[INFO] [stderr] error: could not compile `xmrsplayer` (example "cpal_player") due to 15 previous errors
[INFO] running `Command { std: "docker" "inspect" "ac692c7c1806e40d02f83f5d3e6d5ce64cd1eab0fde91a6eb9e89156caf24297", kill_on_drop: false }`
[INFO] running `Command { std: "docker" "rm" "-f" "ac692c7c1806e40d02f83f5d3e6d5ce64cd1eab0fde91a6eb9e89156caf24297", kill_on_drop: false }`
[INFO] [stdout] ac692c7c1806e40d02f83f5d3e6d5ce64cd1eab0fde91a6eb9e89156caf24297
